{"id":2155,"date":"2025-05-28T13:48:27","date_gmt":"2025-05-28T13:48:27","guid":{"rendered":"https:\/\/floova.fr\/?page_id=2155"},"modified":"2025-06-09T14:08:52","modified_gmt":"2025-06-09T14:08:52","slug":"solutions-metiers","status":"publish","type":"page","link":"https:\/\/floova.fr\/?page_id=2155","title":{"rendered":"Solutions m\u00e9tiers"},"content":{"rendered":"\t\t<div data-elementor-type=\"wp-page\" data-elementor-id=\"2155\" class=\"elementor elementor-2155\">\n\t\t\t\t<div class=\"elementor-element elementor-element-ecc5e7a e-flex e-con-boxed e-con e-parent\" data-id=\"ecc5e7a\" data-element_type=\"container\" data-e-type=\"container\" data-settings=\"{&quot;background_background&quot;:&quot;classic&quot;}\">\n\t\t\t\t\t<div class=\"e-con-inner\">\n\t\t\t\t<div class=\"elementor-element elementor-element-bd3796c elementor-absolute elementor-hidden-mobile elementor-widget elementor-widget-image\" data-id=\"bd3796c\" data-element_type=\"widget\" data-e-type=\"widget\" data-settings=\"{&quot;_position&quot;:&quot;absolute&quot;}\" data-widget_type=\"image.default\">\n\t\t\t\t<div class=\"elementor-widget-container\">\n\t\t\t\t\t\t\t\t\t\t\t\t\t\t\t<img fetchpriority=\"high\" decoding=\"async\" width=\"235\" height=\"735\" src=\"https:\/\/floova.fr\/wp-content\/uploads\/2025\/01\/h2-feature-left.png\" class=\"attachment-full size-full wp-image-649\" alt=\"\" srcset=\"https:\/\/floova.fr\/wp-content\/uploads\/2025\/01\/h2-feature-left.png 235w, https:\/\/floova.fr\/wp-content\/uploads\/2025\/01\/h2-feature-left-96x300.png 96w\" sizes=\"(max-width: 235px) 100vw, 235px\" \/>\t\t\t\t\t\t\t\t\t\t\t\t\t\t\t<\/div>\n\t\t\t\t<\/div>\n\t\t<div class=\"elementor-element elementor-element-aee143f e-con-full e-flex e-con e-child\" data-id=\"aee143f\" data-element_type=\"container\" data-e-type=\"container\">\n\t\t\t\t<div class=\"elementor-element elementor-element-76018cc elementor-widget elementor-widget-tj-latest-post\" data-id=\"76018cc\" data-element_type=\"widget\" data-e-type=\"widget\" data-widget_type=\"tj-latest-post.default\">\n\t\t\t\t<div class=\"elementor-widget-container\">\n\t\t\t\t\t\n  <div class=\"row justify-content-center\">\n          <div class=\"col-lg-4 col-md-6\">\n        <div class=\"tj-blog-item\">\n                      <div class=\"blog-image\">\n              <a href=\"https:\/\/floova.fr\/?p=1925\">\n                <img decoding=\"async\" width=\"840\" height=\"630\" src=\"https:\/\/floova.fr\/wp-content\/uploads\/2025\/01\/blog-img-7-840x630.jpg\" class=\"attachment-blog_thumb_1 size-blog_thumb_1 wp-post-image\" alt=\"\" \/>              <\/a>\n            <\/div>\n                    <div class=\"blog-content-area\">\n            <div class=\"blog-meta\">\n                              <span>\n                  <i class=\"fa-regular fa-user\"><\/i>\n                  <a href=\"https:\/\/floova.fr\/?author=1\">\n                    admin                  <\/a>\n                <\/span>\n              \n                              <span>\n                  <i class=\"fa-regular fa-calendar-days\"><\/i>\n                  Mai 26, 2025                <\/span>\n              \n                          <\/div>\n\n            <!-- title -->\n            <h4 class=\"title-link\">\n              <a class=\"blog-title\" href=\"https:\/\/floova.fr\/?p=1925\">\n                Pourquoi votre TPE a besoin...              <\/a>\n            <\/h4>\n\n            <!-- content -->\n                          <div class=\"excerpt\">\n                Adoptez des outils flexibles et centralis\u00e9s pour rester comp\u00e9titif. \u2705 Avantages de la centralisation \u2705 Risques de...              <\/div>\n            \n            <!-- button -->\n                          <a class=\"tj-blog-button tj-secondary-btn\" href=\"https:\/\/floova.fr\/?p=1925\">\n                Lire la suite              <\/a>\n                      <\/div>\n        <\/div>\n      <\/div>\n          <div class=\"col-lg-4 col-md-6\">\n        <div class=\"tj-blog-item\">\n                      <div class=\"blog-image\">\n              <a href=\"https:\/\/floova.fr\/?p=1935\">\n                <img decoding=\"async\" width=\"840\" height=\"630\" src=\"https:\/\/floova.fr\/wp-content\/uploads\/2025\/01\/blog-img-3-840x630.jpg\" class=\"attachment-blog_thumb_1 size-blog_thumb_1 wp-post-image\" alt=\"\" \/>              <\/a>\n            <\/div>\n                    <div class=\"blog-content-area\">\n            <div class=\"blog-meta\">\n                              <span>\n                  <i class=\"fa-regular fa-user\"><\/i>\n                  <a href=\"https:\/\/floova.fr\/?author=1\">\n                    admin                  <\/a>\n                <\/span>\n              \n                              <span>\n                  <i class=\"fa-regular fa-calendar-days\"><\/i>\n                  Mai 26, 2025                <\/span>\n              \n                          <\/div>\n\n            <!-- title -->\n            <h4 class=\"title-link\">\n              <a class=\"blog-title\" href=\"https:\/\/floova.fr\/?p=1935\">\n                CRM, facturation, stock : quels...              <\/a>\n            <\/h4>\n\n            <!-- content -->\n                          <div class=\"excerpt\">\n                Comparatif entre les solutions classiques et les syst\u00e8mes int\u00e9gr\u00e9s comme Floova. \u2705 Qu'est-ce qu'un outil \"tout-en-un\" ?...              <\/div>\n            \n            <!-- button -->\n                          <a class=\"tj-blog-button tj-secondary-btn\" href=\"https:\/\/floova.fr\/?p=1935\">\n                Lire la suite              <\/a>\n                      <\/div>\n        <\/div>\n      <\/div>\n          <div class=\"col-lg-4 col-md-6\">\n        <div class=\"tj-blog-item\">\n                      <div class=\"blog-image\">\n              <a href=\"https:\/\/floova.fr\/?p=1940\">\n                <img loading=\"lazy\" decoding=\"async\" width=\"840\" height=\"630\" src=\"https:\/\/floova.fr\/wp-content\/uploads\/2025\/01\/blog-img-4-840x630.jpg\" class=\"attachment-blog_thumb_1 size-blog_thumb_1 wp-post-image\" alt=\"\" \/>              <\/a>\n            <\/div>\n                    <div class=\"blog-content-area\">\n            <div class=\"blog-meta\">\n                              <span>\n                  <i class=\"fa-regular fa-user\"><\/i>\n                  <a href=\"https:\/\/floova.fr\/?author=1\">\n                    admin                  <\/a>\n                <\/span>\n              \n                              <span>\n                  <i class=\"fa-regular fa-calendar-days\"><\/i>\n                  Mai 26, 2025                <\/span>\n              \n                          <\/div>\n\n            <!-- title -->\n            <h4 class=\"title-link\">\n              <a class=\"blog-title\" href=\"https:\/\/floova.fr\/?p=1940\">\n                Digitaliser votre PME : par...              <\/a>\n            <\/h4>\n\n            <!-- content -->\n                          <div class=\"excerpt\">\n                Les 5 \u00e9tapes cl\u00e9s pour une transition efficace vers une gestion num\u00e9ris\u00e9e. \u2705 Faire l\u2019\u00e9tat des lieux...              <\/div>\n            \n            <!-- button -->\n                          <a class=\"tj-blog-button tj-secondary-btn\" href=\"https:\/\/floova.fr\/?p=1940\">\n                Lire la suite              <\/a>\n                      <\/div>\n        <\/div>\n      <\/div>\n          <div class=\"col-lg-4 col-md-6\">\n        <div class=\"tj-blog-item\">\n                      <div class=\"blog-image\">\n              <a href=\"https:\/\/floova.fr\/?p=1944\">\n                <img loading=\"lazy\" decoding=\"async\" width=\"840\" height=\"630\" src=\"https:\/\/floova.fr\/wp-content\/uploads\/2025\/01\/blog-img-1-840x630.jpg\" class=\"attachment-blog_thumb_1 size-blog_thumb_1 wp-post-image\" alt=\"\" \/>              <\/a>\n            <\/div>\n                    <div class=\"blog-content-area\">\n            <div class=\"blog-meta\">\n                              <span>\n                  <i class=\"fa-regular fa-user\"><\/i>\n                  <a href=\"https:\/\/floova.fr\/?author=1\">\n                    admin                  <\/a>\n                <\/span>\n              \n                              <span>\n                  <i class=\"fa-regular fa-calendar-days\"><\/i>\n                  Mai 26, 2025                <\/span>\n              \n                          <\/div>\n\n            <!-- title -->\n            <h4 class=\"title-link\">\n              <a class=\"blog-title\" href=\"https:\/\/floova.fr\/?p=1944\">\n                Le portail client : un...              <\/a>\n            <\/h4>\n\n            <!-- content -->\n                          <div class=\"excerpt\">\n                Pourquoi offrir un acc\u00e8s client est devenu indispensable. \u2705 Suivi de commandes et factures en self-service \u2705...              <\/div>\n            \n            <!-- button -->\n                          <a class=\"tj-blog-button tj-secondary-btn\" href=\"https:\/\/floova.fr\/?p=1944\">\n                Lire la suite              <\/a>\n                      <\/div>\n        <\/div>\n      <\/div>\n          <div class=\"col-lg-4 col-md-6\">\n        <div class=\"tj-blog-item\">\n                      <div class=\"blog-image\">\n              <a href=\"https:\/\/floova.fr\/?p=1949\">\n                <img loading=\"lazy\" decoding=\"async\" width=\"840\" height=\"630\" src=\"https:\/\/floova.fr\/wp-content\/uploads\/2025\/01\/blog-img-5-840x630.jpg\" class=\"attachment-blog_thumb_1 size-blog_thumb_1 wp-post-image\" alt=\"\" \/>              <\/a>\n            <\/div>\n                    <div class=\"blog-content-area\">\n            <div class=\"blog-meta\">\n                              <span>\n                  <i class=\"fa-regular fa-user\"><\/i>\n                  <a href=\"https:\/\/floova.fr\/?author=1\">\n                    admin                  <\/a>\n                <\/span>\n              \n                              <span>\n                  <i class=\"fa-regular fa-calendar-days\"><\/i>\n                  Mai 26, 2025                <\/span>\n              \n                          <\/div>\n\n            <!-- title -->\n            <h4 class=\"title-link\">\n              <a class=\"blog-title\" href=\"https:\/\/floova.fr\/?p=1949\">\n                Comment Floova am\u00e9liore la gestion...              <\/a>\n            <\/h4>\n\n            <!-- content -->\n                          <div class=\"excerpt\">\n                Ruptures, surstock, inventaire... Tout est sous contr\u00f4le. \u2705 Alertes de seuil personnalisables \u2705 Historique des mouvements \u2705...              <\/div>\n            \n            <!-- button -->\n                          <a class=\"tj-blog-button tj-secondary-btn\" href=\"https:\/\/floova.fr\/?p=1949\">\n                Lire la suite              <\/a>\n                      <\/div>\n        <\/div>\n      <\/div>\n          <div class=\"col-lg-4 col-md-6\">\n        <div class=\"tj-blog-item\">\n                      <div class=\"blog-image\">\n              <a href=\"https:\/\/floova.fr\/?p=1953\">\n                <img loading=\"lazy\" decoding=\"async\" width=\"840\" height=\"630\" src=\"https:\/\/floova.fr\/wp-content\/uploads\/2025\/01\/blog-img-2-840x630.jpg\" class=\"attachment-blog_thumb_1 size-blog_thumb_1 wp-post-image\" alt=\"\" \/>              <\/a>\n            <\/div>\n                    <div class=\"blog-content-area\">\n            <div class=\"blog-meta\">\n                              <span>\n                  <i class=\"fa-regular fa-user\"><\/i>\n                  <a href=\"https:\/\/floova.fr\/?author=1\">\n                    admin                  <\/a>\n                <\/span>\n              \n                              <span>\n                  <i class=\"fa-regular fa-calendar-days\"><\/i>\n                  Mai 26, 2025                <\/span>\n              \n                          <\/div>\n\n            <!-- title -->\n            <h4 class=\"title-link\">\n              <a class=\"blog-title\" href=\"https:\/\/floova.fr\/?p=1953\">\n                Facturation intelligente : automatisez et...              <\/a>\n            <\/h4>\n\n            <!-- content -->\n                          <div class=\"excerpt\">\n                Comment Floova peut r\u00e9duire vos retards de paiement. \u2705 G\u00e9n\u00e9ration automatique de factures \u2705 R\u00e8glements en ligne...              <\/div>\n            \n            <!-- button -->\n                          <a class=\"tj-blog-button tj-secondary-btn\" href=\"https:\/\/floova.fr\/?p=1953\">\n                Lire la suite              <\/a>\n                      <\/div>\n        <\/div>\n      <\/div>\n          <div class=\"col-lg-4 col-md-6\">\n        <div class=\"tj-blog-item\">\n                      <div class=\"blog-image\">\n              <a href=\"https:\/\/floova.fr\/?p=2038\">\n                <img loading=\"lazy\" decoding=\"async\" width=\"840\" height=\"630\" src=\"https:\/\/floova.fr\/wp-content\/uploads\/2025\/01\/blog-img-2-840x630.jpg\" class=\"attachment-blog_thumb_1 size-blog_thumb_1 wp-post-image\" alt=\"\" \/>              <\/a>\n            <\/div>\n                    <div class=\"blog-content-area\">\n            <div class=\"blog-meta\">\n                              <span>\n                  <i class=\"fa-regular fa-user\"><\/i>\n                  <a href=\"https:\/\/floova.fr\/?author=1\">\n                    admin                  <\/a>\n                <\/span>\n              \n                              <span>\n                  <i class=\"fa-regular fa-calendar-days\"><\/i>\n                  Mai 27, 2025                <\/span>\n              \n                          <\/div>\n\n            <!-- title -->\n            <h4 class=\"title-link\">\n              <a class=\"blog-title\" href=\"https:\/\/floova.fr\/?p=2038\">\n                Qu\u2019est-ce que la r\u00e9forme de...              <\/a>\n            <\/h4>\n\n            <!-- content -->\n                          <div class=\"excerpt\">\n                D\u00e8s 2026, toutes les entreprises devront envoyer et recevoir leurs factures sous forme \u00e9lectronique normalis\u00e9e. Cette r\u00e9forme...              <\/div>\n            \n            <!-- button -->\n                          <a class=\"tj-blog-button tj-secondary-btn\" href=\"https:\/\/floova.fr\/?p=2038\">\n                Lire la suite              <\/a>\n                      <\/div>\n        <\/div>\n      <\/div>\n      <\/div>\n\n\n\t\t\t\t<\/div>\n\t\t\t\t<\/div>\n\t\t\t\t<\/div>\n\t\t\t\t\t<\/div>\n\t\t\t\t<\/div>\n\t\t\t\t<\/div>\n\t\t","protected":false},"excerpt":{"rendered":"<p>admin Mai 26, 2025 Pourquoi votre TPE a besoin&#8230; Adoptez des outils flexibles et centralis\u00e9s pour rester comp\u00e9titif. \u2705 Avantages de la centralisation \u2705 Risques de&#8230; Lire la suite admin Mai 26, 2025 CRM, facturation, stock : quels&#8230; Comparatif entre les solutions classiques et les syst\u00e8mes int\u00e9gr\u00e9s comme Floova. \u2705 Qu&rsquo;est-ce qu&rsquo;un outil \u00ab\u00a0tout-en-un\u00a0\u00bb ?&#8230; [&hellip;]<\/p>\n","protected":false},"author":1,"featured_media":0,"parent":0,"menu_order":0,"comment_status":"closed","ping_status":"closed","template":"elementor_header_footer","meta":{"_acf_changed":false,"_monsterinsights_skip_tracking":false,"_monsterinsights_sitenote_active":false,"_monsterinsights_sitenote_note":"","_monsterinsights_sitenote_category":0,"footnotes":""},"class_list":["post-2155","page","type-page","status-publish","hentry"],"acf":[],"aioseo_notices":[],"_links":{"self":[{"href":"https:\/\/floova.fr\/index.php?rest_route=\/wp\/v2\/pages\/2155","targetHints":{"allow":["GET"]}}],"collection":[{"href":"https:\/\/floova.fr\/index.php?rest_route=\/wp\/v2\/pages"}],"about":[{"href":"https:\/\/floova.fr\/index.php?rest_route=\/wp\/v2\/types\/page"}],"author":[{"embeddable":true,"href":"https:\/\/floova.fr\/index.php?rest_route=\/wp\/v2\/users\/1"}],"replies":[{"embeddable":true,"href":"https:\/\/floova.fr\/index.php?rest_route=%2Fwp%2Fv2%2Fcomments&post=2155"}],"version-history":[{"count":8,"href":"https:\/\/floova.fr\/index.php?rest_route=\/wp\/v2\/pages\/2155\/revisions"}],"predecessor-version":[{"id":2637,"href":"https:\/\/floova.fr\/index.php?rest_route=\/wp\/v2\/pages\/2155\/revisions\/2637"}],"wp:attachment":[{"href":"https:\/\/floova.fr\/index.php?rest_route=%2Fwp%2Fv2%2Fmedia&parent=2155"}],"curies":[{"name":"wp","href":"https:\/\/api.w.org\/{rel}","templated":true}]}}